{"id":142,"date":"2018-04-24T14:48:04","date_gmt":"2018-04-24T12:48:04","guid":{"rendered":"http:\/\/silvercapital-mgmt.com\/?page_id=142"},"modified":"2026-03-01T16:30:58","modified_gmt":"2026-03-01T15:30:58","slug":"fiscalite-du-patrimoine","status":"publish","type":"page","link":"https:\/\/silvercapital-mgmt.com\/index.php\/fiscalite-du-patrimoine\/","title":{"rendered":"Fiscalit\u00e9 du Patrimoine"},"content":{"rendered":"<p>[et_pb_section fb_built=\u00a0\u00bb1&Prime; admin_label=\u00a0\u00bbsection\u00a0\u00bb _builder_version=\u00a0\u00bb4.16&Prime; background_color=\u00a0\u00bb#f9f9f9&Prime; custom_padding=\u00a0\u00bb19px|0px|51.1875px|0px\u00a0\u00bb global_colors_info=\u00a0\u00bb{}\u00a0\u00bb][et_pb_row admin_label=\u00a0\u00bbrow\u00a0\u00bb _builder_version=\u00a0\u00bb4.25.1&Prime; background_size=\u00a0\u00bbinitial\u00a0\u00bb background_position=\u00a0\u00bbtop_left\u00a0\u00bb background_repeat=\u00a0\u00bbrepeat\u00a0\u00bb custom_padding=\u00a0\u00bb5px|0px|0|0px\u00a0\u00bb global_colors_info=\u00a0\u00bb{}\u00a0\u00bb][et_pb_column type=\u00a0\u00bb4_4&Prime; _builder_version=\u00a0\u00bb4.16&Prime; custom_padding=\u00a0\u00bb|||\u00a0\u00bb global_colors_info=\u00a0\u00bb{}\u00a0\u00bb custom_padding__hover=\u00a0\u00bb|||\u00a0\u00bb][et_pb_text admin_label=\u00a0\u00bbText\u00a0\u00bb _builder_version=\u00a0\u00bb4.25.1&Prime; text_font=\u00a0\u00bbMontserrat||||||||\u00a0\u00bb background_size=\u00a0\u00bbinitial\u00a0\u00bb background_position=\u00a0\u00bbtop_left\u00a0\u00bb background_repeat=\u00a0\u00bbrepeat\u00a0\u00bb hover_enabled=\u00a0\u00bb0&Prime; global_colors_info=\u00a0\u00bb{}\u00a0\u00bb sticky_enabled=\u00a0\u00bb0&Prime;]<\/p>\n<blockquote>\n<h2><strong>FISCALITE DU PATRIMOINE <\/strong><\/h2>\n<p><strong><\/strong><\/p>\n<\/blockquote>\n<p>[\/et_pb_text][\/et_pb_column][\/et_pb_row][et_pb_row column_structure=\u00a0\u00bb1_2,1_2&Prime; _builder_version=\u00a0\u00bb4.16&Prime; width=\u00a0\u00bb92.4%\u00a0\u00bb min_height=\u00a0\u00bb636.9px\u00a0\u00bb custom_margin=\u00a0\u00bb|auto||173px||\u00a0\u00bb custom_padding=\u00a0\u00bb5px|0px|25.2969px|0px\u00a0\u00bb global_colors_info=\u00a0\u00bb{}\u00a0\u00bb][et_pb_column type=\u00a0\u00bb1_2&Prime; _builder_version=\u00a0\u00bb4.16&Prime; custom_padding=\u00a0\u00bb|||\u00a0\u00bb global_colors_info=\u00a0\u00bb{}\u00a0\u00bb custom_padding__hover=\u00a0\u00bb|||\u00a0\u00bb][et_pb_text _builder_version=\u00a0\u00bb4.25.1&Prime; text_font=\u00a0\u00bbMontserrat||||||||\u00a0\u00bb custom_margin=\u00a0\u00bb|-587px||||\u00a0\u00bb hover_enabled=\u00a0\u00bb0&Prime; global_colors_info=\u00a0\u00bb{}\u00a0\u00bb sticky_enabled=\u00a0\u00bb0&Prime; custom_padding=\u00a0\u00bb|0px||||\u00a0\u00bb]<\/p>\n<p data-start=\"220\" data-end=\"292\">La fiscalit\u00e9 n\u2019est pas une contrainte.\u00a0 \u00a0C\u2019est un param\u00e8tre strat\u00e9gique.<\/p>\n<p data-start=\"294\" data-end=\"426\">Mal anticip\u00e9e, elle fragilise un patrimoine. Structur\u00e9e avec m\u00e9thode, elle en devient un levier d\u2019optimisation et de transmission.<\/p>\n<p data-start=\"428\" data-end=\"537\">Mon r\u00f4le est d\u2019int\u00e9grer la fiscalit\u00e9 au c\u0153ur de la strat\u00e9gie patrimoniale, et non de la traiter a posteriori.<\/p>\n<h2 data-start=\"544\" data-end=\"587\"><span style=\"text-decoration: underline;\">Fiscalit\u00e9 des familles et transmission<\/span><\/h2>\n<p data-start=\"589\" data-end=\"620\">Transmettre ne s\u2019improvise pas.<\/p>\n<p data-start=\"622\" data-end=\"782\">Entre droits de succession, d\u00e9membrement, pactes familiaux, donation-partage ou structuration via holding, chaque situation n\u00e9cessite une ing\u00e9nierie sur-mesure.<\/p>\n<p data-start=\"784\" data-end=\"809\">L\u2019objectif est double :<\/p>\n<ul data-start=\"810\" data-end=\"910\">\n<li data-start=\"810\" data-end=\"847\">\n<p data-start=\"812\" data-end=\"847\">prot\u00e9ger les \u00e9quilibres familiaux<\/p>\n<\/li>\n<li data-start=\"848\" data-end=\"910\">\n<p data-start=\"850\" data-end=\"910\">optimiser la charge fiscale dans le respect du cadre l\u00e9gal<\/p>\n<\/li>\n<\/ul>\n<p data-start=\"912\" data-end=\"992\">La transmission se pr\u00e9pare en amont, souvent plusieurs ann\u00e9es avant l\u2019\u00e9v\u00e9nement.<\/p>\n<h2 data-start=\"999\" data-end=\"1024\"><span style=\"text-decoration: underline;\">Cession d\u2019entreprise<\/span><\/h2>\n<p data-start=\"1026\" data-end=\"1103\">La cession d\u2019une entreprise est un moment d\u00e9cisif dans la vie d\u2019un dirigeant.<\/p>\n<p data-start=\"1105\" data-end=\"1163\">Plus qu\u2019un enjeu fiscal, c\u2019est un basculement patrimonial.<\/p>\n<p data-start=\"1165\" data-end=\"1425\">Anticiper la fiscalit\u00e9 de la plus-value, structurer la d\u00e9tention en amont, utiliser les dispositifs adapt\u00e9s (holding, apport-cession, pacte Dutreil le cas \u00e9ch\u00e9ant), organiser le remploi du capital : autant d\u2019\u00e9tapes qui conditionnent la r\u00e9ussite de l\u2019op\u00e9ration.<\/p>\n<p data-start=\"1427\" data-end=\"1494\">Une cession r\u00e9ussie est celle qui a \u00e9t\u00e9 pens\u00e9e avant d\u2019\u00eatre sign\u00e9e.<\/p>\n<h2 data-start=\"1501\" data-end=\"1530\"><span style=\"text-decoration: underline;\">Fiscalit\u00e9 internationale<\/span><\/h2>\n<p data-start=\"1532\" data-end=\"1646\">Dans un environnement franco-suisse et plus largement international, les enjeux deviennent encore plus sensibles :<\/p>\n<ul data-start=\"1648\" data-end=\"1787\">\n<li data-start=\"1648\" data-end=\"1669\">\n<p data-start=\"1650\" data-end=\"1669\">r\u00e9sidence fiscale<\/p>\n<\/li>\n<li data-start=\"1670\" data-end=\"1694\">\n<p data-start=\"1672\" data-end=\"1694\">conventions fiscales<\/p>\n<\/li>\n<li data-start=\"1695\" data-end=\"1707\">\n<p data-start=\"1697\" data-end=\"1707\">exit tax<\/p>\n<\/li>\n<li data-start=\"1708\" data-end=\"1751\">\n<p data-start=\"1710\" data-end=\"1751\">structuration de revenus internationaux<\/p>\n<\/li>\n<li data-start=\"1752\" data-end=\"1787\">\n<p data-start=\"1754\" data-end=\"1787\">coordination entre juridictions<\/p>\n<\/li>\n<\/ul>\n<p data-start=\"1789\" data-end=\"1916\">Une mauvaise lecture peut g\u00e9n\u00e9rer une double imposition. Une bonne structuration permet d\u2019optimiser durablement la situation.<\/p>\n<p data-start=\"1923\" data-end=\"1988\">La fiscalit\u00e9 \u00e9volue. La strat\u00e9gie, elle, doit rester coh\u00e9rente.<\/p>\n<p data-start=\"1990\" data-end=\"2131\">Mon approche consiste \u00e0 articuler vision patrimoniale, s\u00e9curit\u00e9 juridique et optimisation raisonn\u00e9e, toujours dans une logique de long terme.<\/p>\n<p data-start=\"1706\" data-end=\"1764\">\n<p data-start=\"1706\" data-end=\"1764\">[\/et_pb_text][\/et_pb_column][et_pb_column type=\u00a0\u00bb1_2&Prime; _builder_version=\u00a0\u00bb4.16&Prime; custom_padding=\u00a0\u00bb|||\u00a0\u00bb global_colors_info=\u00a0\u00bb{}\u00a0\u00bb custom_padding__hover=\u00a0\u00bb|||\u00a0\u00bb][\/et_pb_column][\/et_pb_row][\/et_pb_section]<\/p>\n","protected":false},"excerpt":{"rendered":"<p>FISCALITE DU PATRIMOINE La fiscalit\u00e9 n\u2019est pas une contrainte.\u00a0 \u00a0C\u2019est un param\u00e8tre strat\u00e9gique. Mal anticip\u00e9e, elle fragilise un patrimoine. Structur\u00e9e avec m\u00e9thode, elle en devient un levier d\u2019optimisation et de transmission. Mon r\u00f4le est d\u2019int\u00e9grer la fiscalit\u00e9 au c\u0153ur de la strat\u00e9gie patrimoniale, et non de la traiter a posteriori. Fiscalit\u00e9 des familles et transmission [&hellip;]<\/p>\n","protected":false},"author":1,"featured_media":0,"parent":0,"menu_order":0,"comment_status":"closed","ping_status":"closed","template":"","meta":{"_et_pb_use_builder":"on","_et_pb_old_content":"","_et_gb_content_width":"","footnotes":""},"class_list":["post-142","page","type-page","status-publish","hentry"],"_links":{"self":[{"href":"https:\/\/silvercapital-mgmt.com\/index.php\/wp-json\/wp\/v2\/pages\/142","targetHints":{"allow":["GET"]}}],"collection":[{"href":"https:\/\/silvercapital-mgmt.com\/index.php\/wp-json\/wp\/v2\/pages"}],"about":[{"href":"https:\/\/silvercapital-mgmt.com\/index.php\/wp-json\/wp\/v2\/types\/page"}],"author":[{"embeddable":true,"href":"https:\/\/silvercapital-mgmt.com\/index.php\/wp-json\/wp\/v2\/users\/1"}],"replies":[{"embeddable":true,"href":"https:\/\/silvercapital-mgmt.com\/index.php\/wp-json\/wp\/v2\/comments?post=142"}],"version-history":[{"count":10,"href":"https:\/\/silvercapital-mgmt.com\/index.php\/wp-json\/wp\/v2\/pages\/142\/revisions"}],"predecessor-version":[{"id":792,"href":"https:\/\/silvercapital-mgmt.com\/index.php\/wp-json\/wp\/v2\/pages\/142\/revisions\/792"}],"wp:attachment":[{"href":"https:\/\/silvercapital-mgmt.com\/index.php\/wp-json\/wp\/v2\/media?parent=142"}],"curies":[{"name":"wp","href":"https:\/\/api.w.org\/{rel}","templated":true}]}}

Fiscalité du Patrimoine

<p>[et_pb_section fb_built= »1&Prime; admin_label= »section » _builder_version= »4.16&Prime; background_color= »#f9f9f9&Prime; custom_padding= »19px|0px|51.1875px|0px » global_colors_info= »{} »][et_pb_row admin_label= »row » _builder_version= »4.25.1&Prime; background_size= »initial » background_position= »top_left » background_repeat= »repeat » custom_padding= »5px|0px|0|0px » global_colors_info= »{} »][et_pb_column type= »4_4&Prime; _builder_version= »4.16&Prime; custom_padding= »||| » global_colors_info= »{} » custom_padding__hover= »||| »][et_pb_text admin_label= »Text » _builder_version= »4.25.1&Prime; text_font= »Montserrat|||||||| » background_size= »initial » background_position= »top_left » background_repeat= »repeat » hover_enabled= »0&Prime; global_colors_info= »{} » sticky_enabled= »0&Prime;]</p>
<blockquote>
<h2><strong>FISCALITE DU PATRIMOINE </strong></h2>
<p><strong></strong></p>
</blockquote>
<p>[/et_pb_text][/et_pb_column][/et_pb_row][et_pb_row column_structure= »1_2,1_2&Prime; _builder_version= »4.16&Prime; width= »92.4% » min_height= »636.9px » custom_margin= »|auto||173px|| » custom_padding= »5px|0px|25.2969px|0px » global_colors_info= »{} »][et_pb_column type= »1_2&Prime; _builder_version= »4.16&Prime; custom_padding= »||| » global_colors_info= »{} » custom_padding__hover= »||| »][et_pb_text _builder_version= »4.25.1&Prime; text_font= »Montserrat|||||||| » custom_margin= »|-587px|||| » hover_enabled= »0&Prime; global_colors_info= »{} » sticky_enabled= »0&Prime; custom_padding= »|0px|||| »]</p>
<p data-start="220" data-end="292">La fiscalité n’est pas une contrainte.   C’est un paramètre stratégique.</p>
<p data-start="294" data-end="426">Mal anticipée, elle fragilise un patrimoine. Structurée avec méthode, elle en devient un levier d’optimisation et de transmission.</p>
<p data-start="428" data-end="537">Mon rôle est d’intégrer la fiscalité au cœur de la stratégie patrimoniale, et non de la traiter a posteriori.</p>
<h2 data-start="544" data-end="587"><span style="text-decoration: underline;">Fiscalité des familles et transmission</span></h2>
<p data-start="589" data-end="620">Transmettre ne s’improvise pas.</p>
<p data-start="622" data-end="782">Entre droits de succession, démembrement, pactes familiaux, donation-partage ou structuration via holding, chaque situation nécessite une ingénierie sur-mesure.</p>
<p data-start="784" data-end="809">L’objectif est double :</p>
<ul data-start="810" data-end="910">
<li data-start="810" data-end="847">
<p data-start="812" data-end="847">protéger les équilibres familiaux</p>
</li>
<li data-start="848" data-end="910">
<p data-start="850" data-end="910">optimiser la charge fiscale dans le respect du cadre légal</p>
</li>
</ul>
<p data-start="912" data-end="992">La transmission se prépare en amont, souvent plusieurs années avant l’événement.</p>
<h2 data-start="999" data-end="1024"><span style="text-decoration: underline;">Cession d’entreprise</span></h2>
<p data-start="1026" data-end="1103">La cession d’une entreprise est un moment décisif dans la vie d’un dirigeant.</p>
<p data-start="1105" data-end="1163">Plus qu’un enjeu fiscal, c’est un basculement patrimonial.</p>
<p data-start="1165" data-end="1425">Anticiper la fiscalité de la plus-value, structurer la détention en amont, utiliser les dispositifs adaptés (holding, apport-cession, pacte Dutreil le cas échéant), organiser le remploi du capital : autant d’étapes qui conditionnent la réussite de l’opération.</p>
<p data-start="1427" data-end="1494">Une cession réussie est celle qui a été pensée avant d’être signée.</p>
<h2 data-start="1501" data-end="1530"><span style="text-decoration: underline;">Fiscalité internationale</span></h2>
<p data-start="1532" data-end="1646">Dans un environnement franco-suisse et plus largement international, les enjeux deviennent encore plus sensibles :</p>
<ul data-start="1648" data-end="1787">
<li data-start="1648" data-end="1669">
<p data-start="1650" data-end="1669">résidence fiscale</p>
</li>
<li data-start="1670" data-end="1694">
<p data-start="1672" data-end="1694">conventions fiscales</p>
</li>
<li data-start="1695" data-end="1707">
<p data-start="1697" data-end="1707">exit tax</p>
</li>
<li data-start="1708" data-end="1751">
<p data-start="1710" data-end="1751">structuration de revenus internationaux</p>
</li>
<li data-start="1752" data-end="1787">
<p data-start="1754" data-end="1787">coordination entre juridictions</p>
</li>
</ul>
<p data-start="1789" data-end="1916">Une mauvaise lecture peut générer une double imposition. Une bonne structuration permet d’optimiser durablement la situation.</p>
<p data-start="1923" data-end="1988">La fiscalité évolue. La stratégie, elle, doit rester cohérente.</p>
<p data-start="1990" data-end="2131">Mon approche consiste à articuler vision patrimoniale, sécurité juridique et optimisation raisonnée, toujours dans une logique de long terme.</p>
<p data-start="1706" data-end="1764">
<p data-start="1706" data-end="1764">[/et_pb_text][/et_pb_column][et_pb_column type= »1_2&Prime; _builder_version= »4.16&Prime; custom_padding= »||| » global_colors_info= »{} » custom_padding__hover= »||| »][/et_pb_column][/et_pb_row][/et_pb_section]</p>

<p>FISCALITE DU PATRIMOINE La fiscalité n’est pas une contrainte.   C’est un paramètre stratégique. Mal anticipée, elle fragilise un patrimoine. Structurée avec méthode, elle en devient un levier d’optimisation et de transmission. Mon rôle est d’intégrer la fiscalité au cœur de la stratégie patrimoniale, et non de la traiter a posteriori. Fiscalité des familles et transmission [&hellip;]</p>
